rs of 591112?
2, 37, 1997
List the prime factors of 582331.
19, 30649
What are the prime factors of 15258?
2, 3, 2543
What are the prime factors of 4840727?
4840727
What are the prime factors of 179350?
2, 5, 17, 211
List the prime factors of 36528.
2, 3, 761
List the prime factors of 565134.
2, 3, 131, 719
What are the prime factors of 193201?
193201
List the prime factors of 434614.
2, 217307
What are the prime factors of 1734123?
3, 578041
List the prime factors of 11572.
2, 11, 263
List the prime factors of 216668.
2, 54167
List the prime factors of 174019.
174019
What are the prime factors of 117187?
7, 16741
What are the prime factors of 3258372?
2, 3, 13, 20887
What are the prime factors of 420346?
2, 210173
What are the prime factors of 10112863?
10112863
What are the prime factors of 4988717?
89, 56053
List the prime factors of 18154989.
3, 359, 1873
List the prime factors of 19683614.
2, 71, 138617
List the prime factors of 1793814.
2, 3, 11, 27179
List the prime factors of 532775.
5, 101, 211
What are the prime factors of 1625029?
7, 269, 863
What are the prime factors of 523002?
2, 3, 67, 1301
List the prime factors of 174501.
3, 23, 281
List the prime factors of 199177.
11, 19, 953
List the prime factors of 1463601.
3, 29, 16823
List the prime factors of 159222.
2, 3, 7, 17, 223
List the prime factors of 6428402.
2, 3214201
List the prime factors of 449957.
37, 12161
What are the prime factors of 5209142?
2, 1021, 2551
List the prime factors of 2437930.
2, 5, 11, 37, 599
What are the prime factors of 4152314?
2, 1423, 1459
List the prime factors of 4007355.
3, 5, 11, 149, 163
What are the prime factors of 3383253?
3, 167, 2251
What are the prime factors of 144373?
59, 2447
What are the prime factors of 1744263?
3, 29, 41, 163
What are the prime factors of 218142?
2, 3, 12119
What are the prime factors of 171229?
83, 2063
List the prime factors of 6758658.
2, 3, 375481
List the prime factors of 2823011.
193, 14627
What are the prime factors of 9687143?
9687143
What are the prime factors of 113675?
5, 4547
List the prime factors of 2018932.
2, 47, 10739
What are the prime factors of 2742239?
43, 63773
List the prime factors of 95845.
5, 29, 661
What are the prime factors of 10617?
3, 3539
List the prime factors of 102443.
11, 67, 139
What are the prime factors of 26130288?
2, 3, 37, 14713
What are the prime factors of 381977?
381977
List the prime factors of 10989504.
2, 3, 19079
List the prime factors of 3699263.
3699263
List the prime factors of 1533060.
2, 3, 5, 17, 167
What are the prime factors of 2190156?
2, 3, 229, 797
List the prime factors of 232847.
232847
What are the prime factors of 7833526?
2, 97, 149, 271
What are the prime factors of 23908?
2, 43, 139
What are the prime factors of 3210177?
3, 41, 26099
What are the prime factors of 1033469?
1033469
List the prime factors of 1954796.
2, 17, 19, 89
List the prime factors of 216246.
2, 3, 23, 1567
What are the prime factors of 14062319?
499, 28181
What are the prime factors of 209323?
19, 23, 479
What are the prime factors of 9303178?
2, 23, 202243
What are the prime factors of 27520353?
3, 7, 436831
What are the prime factors of 18760286?
2, 563, 16661
List the prime factors of 276178.
2, 7, 19727
List the prime factors of 196562.
2, 29, 3389
List the prime factors of 1490936.
2, 227, 821
List the prime factors of 13196452.
2, 31, 3433
List the prime factors of 105452.
2, 41, 643
List the prime factors of 744432.
2, 3, 13, 1193
What are the prime factors of 823640?
2, 5, 59, 349
List the prime factors of 1022249.
1022249
List the prime factors of 2137660.
2, 5, 7, 15269
What are the prime factors of 5921482?
2, 7, 229, 1847
List the prime factors of 789940.
2, 5, 127, 311
List the prime factors of 740010.
2, 3, 5, 17, 1451
What are the prime factors of 10827387?
3, 251, 4793
List the prime factors of 1944025.
5, 77761
List the prime factors of 216472.
2, 27059
What are the prime factors of 319425?
3, 5, 4259
List the prime factors of 606225.
3, 5, 59, 137
List the prime factors of 639396.
2, 3, 17761
What are the prime factors of 7119209?
17, 43, 9739
List the prime factors of 354040.
2, 5, 53, 167
List the prime factors of 57673.
7, 11, 107
What are the prime factors of 2953688?
2, 369211
List the prime factors of 131576.
2, 16447
List the prime factors of 90137.
23, 3919
What are the prime factors of 80515?
5, 16103
What are the prime factors of 162186?
2, 3, 27031
List the prime factors of 143637.
3, 13, 29, 127
What are the prime factors of 1356006?
2, 3, 226001
What are the prime factors of 883624?
2, 7, 31, 509
What are the prime factors of 2716298?
2, 13, 104473
What are the prime factors of 200436?
2, 3, 16703
List the prime factors of 10370241.
3, 7, 54869
What are the prime factors of 5485615?
5, 23, 47701
List the prime factors of 17991.
3, 1999
What are the prime factors of 313772?
2, 47, 1669
What are the prime factors of 18833993?
18833993
List the prime factors of 30379221.
3, 17, 181, 1097
List the prime factors of 272050.
2, 5, 5441
List the prime factors of 8177687.
7, 1168241
List the prime factors of 3673894.
2, 7, 29, 9049
What are the prime factors of 12485244?
2, 3, 521, 1997
What are the prime factors of 259080?
2, 3, 5, 17, 127
What are the prime factors of 1054499?
563, 1873
List the prime factors of 3926115.
3, 5, 43, 2029
What are the prime factors of 350246?
2, 13, 19, 709
List the prime factors of 432621.
3, 7, 109
List the prime factors of 390313.
7, 11, 37, 137
What are the prime factors of 28050314?
2, 41, 342077
What are the prime factors of 4343327?
4343327
List the prime factors of 34703549.
2917, 11897
What are the prime factors of 412410?
2, 3, 5, 59, 233
List the prime factors of 608952.
2, 3, 25373
List the prime factors of 101886.
2, 3, 16981
List the prime factors of 1672386.
2, 3, 211, 1321
What are the prime factors of 384776?
2, 7, 6871
List the prime factors of 286224.
2, 3, 67, 89
List the prime factors of 16376803.
19, 861937
List the prime factors of 2684707.
2684707
List the prime factors of 435527.
37, 79, 149
What are the prime factors of 30680?
2, 5, 13, 59
List the prime factors of 5944170.
2, 3, 5, 198139
What are the prime factors of 3612923?
3612923
What are the prime factors of 567122?
2, 233, 1217
What are the prime factors of 7380?
2, 3, 5, 41
List the prime factors of 1900125.
3, 5, 563
What are the prime factors of 6350893?
61, 104113
What are the prime factors of 8099010?
2, 3, 5, 89989
What are the prime factors of 184409?
184409
List the prime factors of 5141499.
3, 11, 347, 449
List the prime factors of 255329.
255329
What are the prime factors of 79643?
73, 1091
List the prime factors of 4953330.
2, 3, 5, 47, 1171
List the prime factors of 945564.
2, 3, 78797
List the prime factors of 2787540.
2, 3, 5, 7, 6637
What are the prime factors of 1631518?
2, 7, 116537
List the prime factors of 443047.
11, 40277
What are the prime factors of 196902?
2, 3, 10939
What are the prime factors of 2566725?
3, 5, 7, 4889
List the prime factors of 689857.
7, 139, 709
List the prime factors of 2195843.
13, 53, 3187
What are the prime factors of 2458789?
911, 2699
List the prime factors of 908295.
3, 5, 19, 3187
List the prime factors of 15861100.
2, 5, 158611
List the prime factors of 58637.
191, 307
What are the prime factors of 7944843?
3, 83, 31907
What are the prime factors of 5965847?
5965847
What are the prime factors of 589569?
3, 196523
What are the prime factors of 135985?
5, 27197
What are the prime factors of 349996?
2, 17, 5147
List the prime factors of 2016774.
2, 3, 19, 5897
List the prime factors of 1630278.
2, 3, 13, 6967
What are the prime factors of 536393?
11, 13, 31
List the prime factors of 719845.
5, 7, 131, 157
List the prime factors of 4778794.
2, 29, 82393
What are the prime factors of 3605006?
2, 1802503
List the prime factors of 491222.
2, 79, 3109
What are the prime factors of 723167?
723167
List the prime factors of 11437744.
2, 61, 11719
What are the prime factors of 3070402?
2, 227, 6763
What are the prime factors of 3407208?
2, 3, 7, 17, 1193
List the prime factors of 17616502.
2, 103, 85517
What are the prime factors of 2639890?
2, 5, 11, 103, 233
What are the prime factors of 109058